 = 0. Let a = 104 + r. What is the tens digit of a?
5
Let c = -4337 + 6231. What is the thousands digit of c?
1
Let g be (-6)/(-4) - 1/2. Let q be g/2*(5 - -21). What is the tens digit of 1/2*(q - -61)?
3
Suppose -4*y - 5*g + 1508 = 0, 3*y - 377 = 2*y - 3*g. What is the units digit of y?
7
Suppose -2*w = 2*y - 7224, -2*w + 7244 = -8*y + 6*y. What is the tens digit of w?
1
Let v(u) = 64*u - 14. Let o be v(8). Suppose -o = -5*m - a, a + 2 = 5. Suppose 2*r - m = -31. What is the tens digit of r?
3
Suppose 0*k + 5*k = 1135. Suppose -71 + k = 4*g. Suppose 4*f = -2*p + 60, 4*p = 3*p - 5*f + g. What is the units digit of p?
4
Suppose 14*s - 1800 = 6*s. What is the units digit of s?
5
Let w(f) = -f + 12. Let i be w(11). Let b(x) = 2*x + 2 + 0 + 0*x**2 + 6*x**2 - i. What is the units digit of b(-1)?
5
Suppose 2*b = b + 36. Let a be 4 + 1 + b/(-12). Suppose -a*h + 21 = 1. What is the tens digit of h?
1
Let b(m) = 4*m**2 + 30*m - 26. What is the hundreds digit of b(15)?
3
Let i be ((-51)/(-12))/(2/8). Suppose 2*o = i - 7. Suppose -o*c + c + 180 = 0. What is the tens digit of c?
4
Let h(p) = 4*p**3 - 19*p + 3 - 5*p**3 + 5*p**2 + 5*p**2. Let b(d) = d**3 - 10*d**2 + 18*d - 4. Let z(j) = 7*b(j) + 6*h(j). What is the tens digit of z(9)?
1
Suppose 0*s - s = 2, 2*h - 138 = 5*s. Suppose 0 = -5*y + y + h. What is the tens digit of y?
1
Let o(u) = 2*u**3 - 3*u**2 + u - 5. Let c be o(2). What is the units digit of 23 + -23 + 123/c?
3
Let y = -47 - -95. Suppose 0 = 4*j - 6*j + y. What is the units digit of j?
4
Let y(i) = -4*i + 5*i**2 + 2*i**2 + 6 - 12. What is the units digit of y(-4)?
2
What is the thousands digit of 12/(6777/1128 - 6)?
1
Suppose 3*d + 0 = 6. Suppose 2*h - 44 = -d*h. What is the tens digit of h?
1
Suppose -27*a = -28*a - 98. Let x = -70 - a. What is the units digit of x?
8
Let y be -10 + 10 + (0 - 3). Let w be y + 0 - 54/(-9). Suppose -120 = 2*v - 4*v - w*q, 6 = 3*q. What is the units digit of v?
7
Suppose -4*z + z = 0. Let b be -3*(-3 - -2 - z). Suppose -b*u + 100 = 2*u. What is the units digit of u?
0
What is the tens digit of (3 + -4 + (3039 - 7))/1?
3
Let r = -22 - -48. Suppose r*a - 375 = 21*a. What is the tens digit of a?
7
Let c be ((-4)/5)/((-14)/35). Suppose -c*r + 101 - 32 = q, -2*r = -2*q + 126. What is the tens digit of q?
6
Suppose 0*k + k - 4 = 0. Suppose -4*s = -k*l + 292, 2*l - 5*s = -23 + 160. What is the tens digit of l?
7
Let i = 13 + -10. Suppose 36 = -2*v + 3*v. What is the tens digit of (8/i)/(3/v)?
3
Let p(f) = -200*f - 308. What is the hundreds digit of p(-7)?
0
Let j = -97 - -133. Suppose -3*d - 22 = -v - 4*d, -2*v + j = -2*d. What is the tens digit of v?
2
Let w(k) = -28*k - 376. What is the units digit of w(-45)?
4
Suppose 0 = 5*d, d + d = 2*c + 118. Let u = 301 - c. Suppose 2*z = -6*z + u. What is the units digit of z?
5
Let a = -3745 + 6514. What is the tens digit of a?
6
Let t = 861 + -594. Let y = t - 100. What is the hundreds digit of y?
1
Let w(i) be the second derivative of -i**3/3 + 9*i**2/2 + 3*i. Let o be w(4). What is the units digit of (6/(-21))/(o/(-28))?
8
Let l = 217 - 185. What is the units digit of l?
2
What is the hundreds digit of 436*1 + 3*7/(-7)?
4
Suppose 0 = -t - 6 + 1. Let m = t - -6. Suppose p - 5 = -3*i, -p + 3*i = -m - 28. What is the units digit of p?
7
Let t = 339 - -1338. What is the tens digit of t?
7
Let z(r) = 1351*r**3 + 2*r**2 + 9*r - 8. What is the hundreds digit of z(1)?
3
Let j be (7 + 1 + -4)*-1. Let o be 0 + (j/(-4) - -60). Suppose -13 + o = 4*m. What is the tens digit of m?
1
Let x(w) = -8*w - 24. Let d be x(-6). Let v = 10 + -6. Suppose 3*f + 82 = v*g, 2*g - d = 4*f + 22. What is the units digit of g?
9
Suppose 96 = 3*j + 5*l, 0 = 5*j - 4*l - 191 + 68. Let f = 42 - j. What is the units digit of f?
5
Let a(h) = 4 + h**3 - 4 - 4*h - 4*h + 2. What is the units digit of a(3)?
5
Let y(i) = i**2 + 9*i - 23. Let g be y(-15). Suppose -4*b - 12 = 0, 2*c - g = -3*b + 88. What is the tens digit of c?
8
Suppose a + 41 = 4*g - 5, -5*g + 3*a = -61. Suppose g*x - 2*x = 279. What is the tens digit of x?
3
Let w(d) = -d**3 - 12*d**2 + 11*d - 30. What is the tens digit of w(-14)?
0
Let n(s) = -2*s**2 - 11*s + 5. Let i be n(-5). Suppose -3*u = -i*u + 889. What is the hundreds digit of u?
1
Let z(y) = y - 11. Let u be z(13). Let i(s) = s**2 - 3*s + 2. Let g be i(u). What is the units digit of (-3 - -5)/(g - -2)?
1
Let w be 2/10 - 3/15. Suppose -3*x - 6 = -o + 9, w = -o - 2*x - 5. What is the tens digit of o/((-27)/30 + 1)?
3
Suppose 3*r = -q + 18, 4*r - 2*r = 4*q - 2. Let f(w) = 0 + 2*w - 3*w + 13 - q. What is the units digit of f(5)?
5
Let q(n) = n**3 - 12*n**2 - 10*n - 15. Let s be q(13). Let r = 0 + s. Suppose r = 2*t + 4*o, 5*o = -0 - 10. What is the tens digit of t?
1
What is the units digit of (-4)/(-14) - (-11700)/14?
6
Let n(g) = 2*g**3 - 25*g**2 - 37*g + 34. What is the hundreds digit of n(15)?
6
Let c(y) = -2 - 3*y + 16*y**2 + 11*y - 5*y - 6*y. What is the units digit of c(-1)?
7
Let l(b) be the second derivative of -b**5/4 - b**3/3 - 3*b**2/2 - 8*b. What is the tens digit of l(-2)?
4
Suppose 0 = -2*i - 3*j + 54, 2*i - 4*j = -3*j + 38. What is the units digit of 3/7 - (1 - 789/i)?
7
Let z(s) = -2*s**2 + 30*s - 24. What is the units digit of z(14)?
4
Let l(j) = 3*j**2 + 22*j + 23. What is the units digit of l(-24)?
3
Suppose -n = n - 504. Suppose -4*o - 36 = -n. What is the units digit of o?
4
Let j(k) = k**2 - 5*k + 9. Let y be j(4). Suppose -3*w + 5*h = -233, -h = y*w - 0*h - 435. What is the tens digit of w?
8
Let a(x) be the first derivative of x**4/2 + 2*x**3 + x**2 + 4*x + 2. Let b be a(-5). Let n = -76 - b. What is the units digit of n?
0
Let q(b) = -7*b**3 - 3*b**2 + 5*b + 8. What is the hundreds digit of q(-4)?
3
Let l(y) = y**3 + 16*y**2 - 19*y - 23. Let n be l(-17). Let d(r) = -3*r + 34. What is the units digit of d(n)?
1
Suppose 126 - 4537 = -11*i. What is the units digit of i?
1
Let i(y) = y**3 + 7*y**2 - 20*y - 11. What is the units digit of i(-9)?
7
Suppose o - 4*x + 0*x = -17, -4*o + 3*x - 16 = 0. Let k be 5 - (-12 - (-15)/(-5)). Let b = k - o. What is the tens digit of b?
2
Let t be (1 - (-20)/(-8))*-10. Suppose 5*s - s + 2*d = 50, d = -s + t. Let q = s + -9. What is the units digit of q?
1
Suppose -347010 = -113*g + 194486. What is the hundreds digit of g?
7
Let m = -371 + 518. What is the tens digit of m?
4
Suppose 0 = -5*l + 5*y + 2120, 561 + 1577 = 5*l + y. What is the hundreds digit of l?
4
Let x(r) = -r**3 - 7*r**2 - 8*r - 7. Let h be (-1)/((-15)/12)*5. Suppose h*a = -a - 30. What is the units digit of x(a)?
5
Suppose 0 = 4*l + 5*c - 44, -2*l + 5*c = 10 - 2. Suppose 4*o = -4*d + 2 + 6, d = 2*o - 7. Suppose -o*g + l*g - 27 = 0. What is the units digit of g?
9
Suppose -s = 3*s - 8. Suppose 0 = -2*x + s*r - 3*r, -5*r = 0. Suppose -2*d - 8 = -j - x, 25 = 5*d. What is the tens digit of j?
1
Let c(o) = -2*o - 46. Let d(j) = j + 24. Let h(a) = 6*c(a) + 13*d(a). What is the tens digit of h(25)?
6
Suppose -f - 5*x = -3, -3*f = 3*x - 5 - 4. Let v be -12*(1 - 14/8). Suppose 78 = f*z + v. What is the units digit of z?
3
Suppose -n = -a + 848, 3*a + 31*n - 2568 = 28*n. What is the hundreds digit of a?
8
Suppose 5*o - 423 = 257. What is the hundreds digit of o?
1
Suppose 0 = -27*u + 22*u - 4*w + 529, 425 = 4*u + 5*w. What is the units digit of u?
5
Suppose 8*b + 6294 = 14*b. What is the thousands digit of b?
1
What is the units digit of (2/8)/(((-238)/(-228368))/17)?
8
Suppose -5*i + 20 = -3*i. Let r(k) = -k + 2. Let w be r(i). Let t(a) = -3*a - 12. What is the units digit of t(w)?
2
What is the thousands digit of (-9)/(-21) - (10 - (-14872)/(-7))?
2
Let y(s) = s**2 - 12*s + 16. Let u be y(11). Suppose -u*d + 38 - 8 = 0. Suppose -v - d = -3*v. What is the units digit of v?
3
Let l = 1602 - 951. What is the hundreds digit of l?
6
Let h(a) = -a + 13. Let v be h(9). Let q(b) = 8*b**2 + b - 7. What is the hundreds digit of q(v)?
1
Let h be (0 - -1815) + (-2 - -3). Let f be h/(-40) + 4/10. What is the units digit of (-3 - -1) + (-8 - f)?
5
Let s(d) be the second derivative of -d**3/6 - d**2 - 12*d. Suppose -2*x = x + 15. What is the units digit of s(x)?
3
Suppose 3*h - 4677 = -3*l, 475 = 2*l - 2*h - 2663. What is the thousands digit of l?
1
Suppose -278*f + 279*f - 1041 = 0. What 